{"id":18,"date":"2023-04-24T20:09:19","date_gmt":"2023-04-24T20:09:19","guid":{"rendered":"https:\/\/bestelite.com.co\/?page_id=18"},"modified":"2024-10-10T14:40:48","modified_gmt":"2024-10-10T14:40:48","slug":"home","status":"publish","type":"page","link":"https:\/\/bestelite.com.co\/","title":{"rendered":"HOME"},"content":{"rendered":"\n<?php echo do_shortcode('[metaslider id=\"531\"]'); ?>\n<h4>WHEY TOTAL<\/h4>\n<p><b>La f\u00f3rmula de WHEY TOTAL es una combinaci\u00f3n de prote\u00ednas&nbsp;obtenidas de suero l\u00e1cteo concentrado y aislado, con BCAA\u00b4s y Glutamina;<\/b><\/p><p><strong>Ideal tanto para atletas como para amantes de la vida saludable que est\u00e9n buscando ganar tejido muscular magro.<\/strong><\/p><p><strong><br><\/strong><\/p><p><strong>Cada servicio contiene:<\/strong><\/p><p><strong><br><\/strong><\/p><p><strong>26 g de prote\u00edna aislada.&nbsp;<\/strong><\/p><p><strong>libre de grasas.<\/strong><\/p><p><strong>libre de az\u00facar.<\/strong><\/p><p><strong>6.2 g BCAA\u00b4s.<\/strong><\/p><p><strong>5 g Glutamina.<\/strong><\/p><p><strong><br><\/strong><\/p>[expand <strong>Modo de uso: Adultos, tomar 1 servicio (1 Cuchara medidoras) al d\u00eda.<\/strong><\/p><p><b>Mezclar 1 servicio de WHEY&nbsp;TOTAL\u00ae en 6-8 oz. de agua en un vaso o shaker.<\/b><\/p><p><strong>Agitar hasta obtener una mezcla homog\u00e9nea.<\/strong><\/p><p><strong><br><\/strong><\/p><p><strong>Tama\u00f1o de la porci\u00f3n: 30 gr (30 Servicios aprox)<\/strong><\/p><p><strong>Contenido: 5 Libras\/ Neto 2.270g&nbsp;<\/strong><\/p><p><strong><br><\/strong><\/p><p><strong>Ingredientes: Prote\u00edna de Suero de Leche Concentrada, Prote\u00edna de Suero de Leche<\/strong><\/p><p><b>Aislada, Leucina, Isoleucina, Valina, Vitamina C, Cloruro de calcio, \u00d3xido de magnesio, Sabor artificial vainilla, Sucralosa, Benzoato de sodio.<\/b><\/p><p><strong><br><\/strong><\/p><p><strong>M\u00e9todo de conservaci\u00f3n: El producto debe estar almacenado en su empaque original a temperatura inferior a 30\u00b0C y a una humedad relativa inferior a 75%. No introducir elementos h\u00famedos, despu\u00e9s de abierto consumase en el menor tiempo posible.<\/strong><\/p><p><strong><br><\/strong><\/p><p><strong>ADVERTENCIA: Este producto es un alimento y no debe ser usado como sustituto de una dieta equilibrada<\/strong>.<\/p>\n\n\n\nWhey total 2lbs\n\n\n\n\n\n<h3>Recomendaciones<\/h3>\n<h5>Alimentos altos en prote\u00edna<\/h5>\n<p>Nemo enim ipsam voluptatem quia voluptas sit aspernatur aut odit aut fugit nemo minima rerums unsers sadips amets.&nbsp;<\/p>\n<h4>Rutinas de ejercicio para ganar&nbsp; masa muscular&nbsp;<\/h4>\n<p>Nemo enim ipsam voluptatem quia voluptas sit aspernatur aut odit aut fugit nemo minima rerums unsers sadips amets.&nbsp;<\/p>\n<p>Nemo enim ipsam voluptatem quia voluptas sit aspernatur aut odit aut fugit nemo minima rerums unsers sadips amets.&nbsp;<\/p>\n","protected":false},"excerpt":{"rendered":"","protected":false},"author":1,"featured_media":59,"parent":0,"menu_order":0,"comment_status":"closed","ping_status":"closed","template":"","meta":{"_joinchat":{"view":"yes"},"footnotes":""},"class_list":["post-18","page","type-page","status-publish","has-post-thumbnail","hentry"],"jetpack_sharing_enabled":true,"_links":{"self":[{"href":"https:\/\/bestelite.com.co\/index.php?rest_route=\/wp\/v2\/pages\/18","targetHints":{"allow":["GET"]}}],"collection":[{"href":"https:\/\/bestelite.com.co\/index.php?rest_route=\/wp\/v2\/pages"}],"about":[{"href":"https:\/\/bestelite.com.co\/index.php?rest_route=\/wp\/v2\/types\/page"}],"author":[{"embeddable":true,"href":"https:\/\/bestelite.com.co\/index.php?rest_route=\/wp\/v2\/users\/1"}],"replies":[{"embeddable":true,"href":"https:\/\/bestelite.com.co\/index.php?rest_route=%2Fwp%2Fv2%2Fcomments&post=18"}],"version-history":[{"count":10,"href":"https:\/\/bestelite.com.co\/index.php?rest_route=\/wp\/v2\/pages\/18\/revisions"}],"predecessor-version":[{"id":734,"href":"https:\/\/bestelite.com.co\/index.php?rest_route=\/wp\/v2\/pages\/18\/revisions\/734"}],"wp:featuredmedia":[{"embeddable":true,"href":"https:\/\/bestelite.com.co\/index.php?rest_route=\/wp\/v2\/media\/59"}],"wp:attachment":[{"href":"https:\/\/bestelite.com.co\/index.php?rest_route=%2Fwp%2Fv2%2Fmedia&parent=18"}],"curies":[{"name":"wp","href":"https:\/\/api.w.org\/{rel}","templated":true}]}}